 t.
16
Let f(j) = 38*j**2 + 5*j - 6. Calculate the remainder when 133 is divided by f(1).
22
Calculate the remainder when (-3758)/(-18) + 2/9 is divided by -15 - (16 - -596)/(-9).
50
What is the remainder when 1774/6 - (-11)/((-198)/12) is divided by 85?
40
Let s(x) = -3*x + 19. Let m(a) = -a. Let z(p) = -4*m(p) + s(p). Let d be z(6). Suppose 0 = -5*g + d + 70. What is the remainder when 35 is divided by g?
16
Suppose -2*k + 17 = 5*s, 0*k - 4*k + 7 = s. Suppose -164 = -5*q - s*o, o = -0*o - 2. What is the remainder when 67 is divided by q?
33
Let k be ((-565)/(-5) - 0) + 3. Let u = k - 38. Calculate the remainder when u is divided by 20.
18
Let h(f) = 18*f + 1. Let c be h(-2). Let v = 3 - c. Suppose -4*y - 3*l + 83 = 0, 2*y = y - 5*l + 25. Calculate the remainder when v is divided by y.
18
Let v(x) = 10*x**2 + x - 4. Let n(o) = 10*o**2 - 3. Let w(k) = 4*n(k) - 3*v(k). Let q be (2 + 1)/(1/1). Calculate the remainder when w(q) is divided by 21.
18
Calculate the remainder when -7*(2*1 + (-2412)/126) is divided by 25.
20
Let t(i) = -i**2 - 9*i + 92. Calculate the remainder when t(-13) is divided by 6.
4
Suppose -3*w = 3*r + 36, -w - 12 = 2*r - 2. Let d(i) = i**2 + 15*i + 39. Calculate the remainder when 74 is divided by d(w).
24
Suppose -5*x + 268 = -x. Suppose -4*i - a = 6 - x, 0 = 4*i + 3*a - 71. What is the remainder when i is divided by 9?
5
Suppose 0 = 247*c - 235*c - 48. Calculate the remainder when 32/(-12)*(-9)/2 is divided by c.
0
Suppose -f - 18 = -4*f. Suppose f - 44 = -2*y. Let r(t) = -5*t + 30. Calculate the remainder when r(-9) is divided by y.
18
Let l(t) = -t. Suppose -4*h - 4*p = 148, -4*h + 3*p - 87 = -h. Let f be -6*(h/(-9) - 3). Calculate the remainder when l(f) is divided by 2.
0
Let r = -6 + -2. Let p = r - -31. Suppose -5*g - 4*j = -20, -4*g = -3*g + 5*j + 17. What is the remainder when p is divided by g?
7
Let n(o) = o**2 + o + 4. Let c = -56 + 59. Suppose -2*h + 5*v = -90, 3*v + 0*v = h - 45. Calculate the remainder when h is divided by n(c).
13
Let z be 27 + -6*((-27)/(-6) - 4). What is the remainder when 125 is divided by z + -2 - (7 - 3)?
17
Suppose 17 = -188*r + 189*r. Calculate the remainder when r is divided by 7.
3
Let z = -386 - -406. Calculate the remainder when 496 is divided by z.
16
Let h = 7 - 2. Suppose h = -3*m + 4*m. Suppose 2*w = 6*w + 4*r - 80, 0 = -m*w + 3*r + 100. Calculate the remainder when 79 is divided by w.
19
Suppose -405 = -5*t + 40. Let g = t - 45. What is the remainder when g is divided by 15?
14
Suppose q - 3*m - 273 = -2*q, q - 76 = 4*m. Let v = q + -49. Calculate the remainder when v is divided by 16.
15
Let m = -73 - -185. What is the remainder when m is divided by 28 + (-3 + 4 - 0)?
25
Let s = -174 - -185. Let d(g) = -g - 5. Let w be d(0). Let r = s + w. Calculate the remainder when 9 is divided by r.
3
Let z(m) = m**3 - m**2 - m + 1. Let i(c) = -4*c**3 - 7*c**2 - 6*c - 3. Let l(y) = i(y) + 2*z(y). What is the remainder when 42 is divided by l(-4)?
12
Suppose 3*g = 2*g + 5. Suppose 0 = -0*l - g*l + 40. What is the remainder when 8 is divided by (54/(-12))/((-6)/l)?
2
Let g(x) = x**3 - 9*x**2 - 7*x - 1. Suppose -19*b = -27*b + 448. What is the remainder when b is divided by g(10)?
27
Let i(k) = 285*k**3 - 7*k**2 + 10*k - 3. Calculate the remainder when i(1) is divided by 22.
21
Let m(h) = h**2 + 8*h - 18. Let l(j) = j - 1. Let s(c) = 3*l(c) - m(c). Suppose -171 = z - 4*z. What is the remainder when z is divided by s(0)?
12
Let d(l) = 8 - 4 - l**3 + 2*l**2 - l**2. Calculate the remainder when 117 is divided by d(-3).
37
Let f(b) = 18*b - 11. Suppose -8 = n - 9*n. Calculate the remainder when 29 is divided by f(n).
1
Let c(n) = -4*n + 5. Let t be c(-7). Let w = t + -10. What is the remainder when 66 is divided by w?
20
Suppose -2*h - 386 = -3*g, 0 = 5*g + 3*h - h - 654. What is the remainder when 773 is divided by g?
123
Let h(k) = 13*k - 19. Suppose 0 = 7*o - 2*o - 20. Suppose o*g + 12 = 44. Calculate the remainder when h(g) is divided by 22.
19
Let k be 1087/11 - (-14)/77. Suppose -6*c = -9*c - k. Calculate the remainder when ((-3)/(-2))/(c/(-1298)) is divided by 15.
14
Suppose -1173 + 10453 = 4*q. What is the remainder when (3/(-1))/(10/(q/(-3))) is divided by 26?
24
Let m = -239 - -377. Suppose 2*t - 5*j - 62 = 0, -4*t - 2*j = -5*j - m. Calculate the remainder when 70 is divided by t.
34
Let l = 3 - 3. Suppose 0*i + i - 15 = l. What is the remainder when 6*116/(-48)*-4 is divided by i?
13
Let o be ((-165)/(-20))/(3/8). Let m = o - 10. Calculate the remainder when 31 is divided by m.
7
What is the remainder when 147 is divided by (-30)/(-12)*(-20)/(-2)*1?
22
Let n = -23 - -29. Suppose 0 = -n*z - z + 35. Let w(m) = -m**2 + 9*m + 2. What is the remainder when w(7) is divided by z?
1
Suppose -4*a = -2*a + 86. Let l(b) = b**2 - 10*b - 16. Let t be l(9). Let j = t - a. Calculate the remainder when j is divided by 7.
4
Let i(b) = b**2 - 26. Calculate the remainder when i(-15) is divided by 20.
19
Suppose 0 = -3*x + 52*n - 53*n + 55, 0 = -n + 1. Let q be 2/(-6)*-3 - 4. What is the remainder when (-70)/q*(4 + -1) is divided by x?
16
Let k be ((-10)/(-4))/(15/(-6) + 3). Suppose -5*c + 5*l + 112 = -73, 5 = -k*l. What is the remainder when c is divided by 26?
10
Suppose -2*y = -3*q + 3*y + 471, 4*q - 639 = 3*y. Suppose 25*w + q = 34*w. What is the remainder when w is divided by 4?
2
Suppose -3*g - 42 = -5*r, 3*r = 2*g + 12 + 13. Let t(i) be the second derivative of i**3/2 + i**2 + i. What is the remainder when 85 is divided by t(r)?
27
Let t = 49 + 2. Let j be (6*2)/((-2)/(-23)). Suppose -3*f + j = 57. What is the remainder when t is divided by f?
24
Let a(j) = -7 + 3*j + 12*j**2 - 16 - 6*j - j**3 - 5*j. What is the remainder when a(11) is divided by 9?
1
What is the remainder when 382 is divided by (-1 + 0)/((-50)/2150)?
38
Suppose -44 = -5*w - 19. Let k(z) be the third derivative of z**4/24 - z**3/6 + 26*z**2. What is the remainder when 15 is divided by k(w)?
3
Let k(n) = n**2 - n - 33. Let w be k(11). Suppose 9*s - 22 = w. Calculate the remainder when 22 is divided by s.
0
Let l = 6 - -4. Suppose 5*k + l + 15 = 0. Let i(v) = v**2 + 3*v + 1. What is the remainder when 19 is divided by i(k)?
8
Let m = -20 + 32. What is the remainder when (-9)/2*m/18*-1 is divided by 3?
0
Suppose -w - 4*t = -3*t - 148, 2*t = 3*w - 434. Suppose l + 5*d = 10 + 56, -2*l + w = 3*d. What is the remainder when l is divided by 40?
36
What is the remainder when -8 - (-7 - (-2412)/(-6)) is divided by 81?
77
Let o = 9 + 6. Suppose 4*k - 46 = 2*s, 0*k = 3*k + 5*s - o. Calculate the remainder when 37 is divided by k.
7
Calculate the remainder when (24 + 49)/(0 + 1) is divided by 39.
34
Let w = 47 + -43. Suppose w*n - 130 = -n. Calculate the remainder when n is divided by 15.
11
Let h(l) = -22*l - 46. What is the remainder when 249 is divided by h(-5)?
57
Calculate the remainder when 305 is divided by 2/(-18) - -102*13/27.
11
Let y(l) = -3*l + 2*l - 12 + 11*l - 5*l. What is the remainder when 9 is divided by y(3)?
0
Let f = -20 + 27. Let o(m) = m**2 + 2*m + 12. Suppose -q + 5*b - 12 - 3 = 0, -q = 3*b - 9. Calculate the remainder when o(q) is divided by f.
5
Let d(y) be the second derivative of -5*y**3/2 + 3*y**2 + y. Let c be d(-5). Calculate the remainder when 6 is divided by c/21 + (-4)/(-28).
2
Let y = -307 - -534. Calculate the remainder when y is divided by 11.
7
Let b = 47 - 45. Suppose 4*x - 7*x + 2*h = -10, -2*x + b*h = -6. Let q(c) = c**3 + 2*c**2 - 2*c + 1. Calculate the remainder when x is divided by q(1).
0
What is the remainder when (0 + 5*17)*(-836)/(-2090) is divided by 20?
14
Suppose -r = -3*v - 2*v - 8, r = -4*v + 17. Let l = 8 - 29. What is the remainder when -2*9/l*56 is divided by r?
9
Let o = -194 - -256. What is the remainder when o is divided by 9?
8
Calculate the remainder when (12/(15/(-5)) - -28) + 5 is divided by 9.
2
Let d(w) = w**3 - 3*w**2 - 5*w - 3. Let r be d(6). Let i = 124 - r. What is the remainder when i is divided by 26?
23
Let k(u) = -11 + 5 - 19*u + 7. What is the remainder when 79 is divided by k(-1)?
19
Suppose -3*q - 41 = -2*b + 2*q, 91 = 2*b + 5*q. What is the remainder when b is divided by (-1829)/(-59) + -1*14?
16
Suppose -47 = -2*r + 5*b, 2*r - 4*b + 14 = 56. Let y(n) = 3*n**2 - 